{"id":97,"date":"2020-07-07T12:52:52","date_gmt":"2020-07-07T10:52:52","guid":{"rendered":"https:\/\/xxl-dresden.info\/shop\/?post_type=product&#038;p=97"},"modified":"2024-10-22T19:47:24","modified_gmt":"2024-10-22T17:47:24","slug":"ohm","status":"publish","type":"product","link":"https:\/\/xxl-dresden.info\/shop\/produkt\/ohm\/","title":{"rendered":"Ohm (Edelrid)"},"content":{"rendered":"<div class=\"page hidden\">\n<div class=\"product-container sports\">\n<div class=\"proddetail product-detail\">\n<div id=\"prod-produktinfos\">\n<h2 class=\"prodheadline\">PRODUKTINFOS<\/h2>\n<ul>\n<li>Sicherer ben\u00f6tigt deutlich weniger Handkraft zum Halten eines Sturzes<\/li>\n<li>Ablassen eines schwereren Kletterers ist deutlich leichter zu kontrollieren<\/li>\n<li>Wird im ersten Haken der Sicherungskette installiert<\/li>\n<li>Bei einem Sturz in den ersten Haken reduziert das Ger\u00e4t das Risiko eines m\u00f6glichen Bodensturzes<\/li>\n<li>Keine Einschr\u00e4nkung des Handlings im Vorstieg (Keine Seilreibung beim Seilausgeben)<\/li>\n<li>Empfohlener Gewichtsunterschied (Kletterer &gt; Sicherer): 10 &#8211; 40 kg<\/li>\n<li>Mindestgewicht Sicherer: 40 kg<\/li>\n<li>F\u00fcr Einfachseile von 8,9 &#8211; 11,0 mm Durchmesser<\/li>\n<\/ul>\n<\/div>\n<div id=\"prod-details\">\n<h2 class=\"prodheadline\">TECHNISCHE INFORMATIONEN<\/h2>\n<ul>\n<li>Zugelassener Seildurchmesser mm [mm]: 8,9 &#8211; 11<\/li>\n<li>CE Kennzeichnung: CE 0123<\/li>\n<li>Ursprungsland: Germany<\/li>\n<li>Zugelassener Seiltyp: Einfachseil<\/li>\n<li>Gewicht: <span id=\"varianten_gewicht\">470<\/span> g<\/li>\n<\/ul>\n<\/div>\n<\/div>\n<\/div>\n<\/div>\n","protected":false},"excerpt":{"rendered":"<p>Vorschaltwiderstand zur Erh\u00f6hung der Seilreibung bei gro\u00dfem Gewichtsunterschied zwischen Sicherer und Vorsteiger. Im Falle eines Sturzes wird die Seilreibung soweit erh\u00f6ht, dass ein leichter Sicherer den schwereren Vorsteiger ohne Probleme halten kann.<\/p>\n","protected":false},"featured_media":63,"template":"","meta":{"_acf_changed":false,"_et_pb_use_builder":"","_et_pb_old_content":"","_et_gb_content_width":""},"product_brand":[],"product_cat":[115,66,41],"product_tag":[],"class_list":{"0":"post-97","1":"product","2":"type-product","3":"status-publish","4":"has-post-thumbnail","6":"product_cat-mitgliederrabatt15","7":"product_cat-startseite","8":"product_cat-vorschaltwiderstand","10":"first","11":"instock","12":"taxable","13":"shipping-taxable","14":"purchasable","15":"product-type-simple"},"acf":[],"_links":{"self":[{"href":"https:\/\/xxl-dresden.info\/shop\/wp-json\/wp\/v2\/product\/97","targetHints":{"allow":["GET"]}}],"collection":[{"href":"https:\/\/xxl-dresden.info\/shop\/wp-json\/wp\/v2\/product"}],"about":[{"href":"https:\/\/xxl-dresden.info\/shop\/wp-json\/wp\/v2\/types\/product"}],"wp:featuredmedia":[{"embeddable":true,"href":"https:\/\/xxl-dresden.info\/shop\/wp-json\/wp\/v2\/media\/63"}],"wp:attachment":[{"href":"https:\/\/xxl-dresden.info\/shop\/wp-json\/wp\/v2\/media?parent=97"}],"wp:term":[{"taxonomy":"product_brand","embeddable":true,"href":"https:\/\/xxl-dresden.info\/shop\/wp-json\/wp\/v2\/product_brand?post=97"},{"taxonomy":"product_cat","embeddable":true,"href":"https:\/\/xxl-dresden.info\/shop\/wp-json\/wp\/v2\/product_cat?post=97"},{"taxonomy":"product_tag","embeddable":true,"href":"https:\/\/xxl-dresden.info\/shop\/wp-json\/wp\/v2\/product_tag?post=97"}],"curies":[{"name":"wp","href":"https:\/\/api.w.org\/{rel}","templated":true}]}}